{"id":54,"date":"2017-02-02T13:26:15","date_gmt":"2017-02-02T13:26:15","guid":{"rendered":"http:\/\/paratraduccion.com\/doctorado\/?page_id=54"},"modified":"2025-06-26T17:12:24","modified_gmt":"2025-06-26T16:12:24","slug":"matricula","status":"publish","type":"page","link":"http:\/\/paratraduccion.com\/doctorado\/matricula\/","title":{"rendered":"Matr\u00edcula"},"content":{"rendered":"<div class=\"wpb-content-wrapper\"><p>[vc_row][vc_column][\/vc_column][\/vc_row][vc_row][vc_column][vc_wp_text]<\/p>\n<p><img loading=\"lazy\" decoding=\"async\" class=\"alignnone wp-image-896425\" src=\"https:\/\/paratraduccion.com\/doctorado\/wp-content\/uploads\/2025\/06\/matricula.png\" alt=\"\" width=\"719\" height=\"169\" srcset=\"http:\/\/paratraduccion.com\/doctorado\/wp-content\/uploads\/2025\/06\/matricula.png 911w, http:\/\/paratraduccion.com\/doctorado\/wp-content\/uploads\/2025\/06\/matricula-300x70.png 300w, http:\/\/paratraduccion.com\/doctorado\/wp-content\/uploads\/2025\/06\/matricula-768x180.png 768w, http:\/\/paratraduccion.com\/doctorado\/wp-content\/uploads\/2025\/06\/matricula-150x35.png 150w, http:\/\/paratraduccion.com\/doctorado\/wp-content\/uploads\/2025\/06\/matricula-480x113.png 480w\" sizes=\"auto, (max-width:767px) 480px, 719px\" \/><\/p>\n<p><img loading=\"lazy\" decoding=\"async\" class=\"alignnone size-full wp-image-2970\" src=\"http:\/\/paratraduccion.com\/doctorado\/wp-content\/uploads\/2018\/07\/lenda-matr\u00edcula.png\" alt=\"\" width=\"475\" height=\"134\" srcset=\"http:\/\/paratraduccion.com\/doctorado\/wp-content\/uploads\/2018\/07\/lenda-matr\u00edcula.png 475w, http:\/\/paratraduccion.com\/doctorado\/wp-content\/uploads\/2018\/07\/lenda-matr\u00edcula-300x85.png 300w, http:\/\/paratraduccion.com\/doctorado\/wp-content\/uploads\/2018\/07\/lenda-matr\u00edcula-260x73.png 260w, http:\/\/paratraduccion.com\/doctorado\/wp-content\/uploads\/2018\/07\/lenda-matr\u00edcula-50x14.png 50w, http:\/\/paratraduccion.com\/doctorado\/wp-content\/uploads\/2018\/07\/lenda-matr\u00edcula-150x42.png 150w\" sizes=\"auto, (max-width:767px) 475px, 475px\" \/>[\/vc_wp_text][\/vc_column][\/vc_row][vc_row][vc_column][vc_wp_text]<\/p>\n<h2 style=\"text-align: justify;\">Matr\u00edcula &#8211; Enrollment<\/h2>\n<p style=\"text-align: justify;\">Todos os tr\u00e1mites da preinscrici\u00f3n e da matr\u00edcula d\u00e9bense facer en li\u00f1a, na p\u00e1xina de automatr\u00edcula da Uvigo.<\/p>\n<p style=\"text-align: justify;\">Todos los tr\u00e1mites de la preinscrici\u00f3n y la matr\u00edcula se deben hacer en l\u00ednea, en la p\u00e1gina de automatr\u00edcula de la Uvigo<\/p>\n<p style=\"text-align: justify;\">Preregistration\u00a0and enrollment must be made on-line, via Uvigo\u2019s self-enrollment page<\/p>\n<h2><a href=\"https:\/\/matricula.uvigo.es\/\">https:\/\/matricula.uvigo.es<\/a><\/h2>\n<p>[\/vc_wp_text][\/vc_column][\/vc_row]<\/p>\n<\/div>","protected":false},"excerpt":{"rendered":"<p>[vc_row][vc_column][\/vc_column][\/vc_row][vc_row][vc_column][vc_wp_text] [\/vc_wp_text][\/vc_column][\/vc_row][vc_row][vc_column][vc_wp_text] Matr\u00edcula &#8211; Enrollment Todos os tr\u00e1mites da preinscrici\u00f3n e da matr\u00edcula d\u00e9bense facer en li\u00f1a, na p\u00e1xina de automatr\u00edcula da Uvigo. Todos los tr\u00e1mites<span class=\"excerpt-hellip\"> [\u2026]<\/span><\/p>\n","protected":false},"author":1,"featured_media":0,"parent":0,"menu_order":0,"comment_status":"closed","ping_status":"closed","template":"","meta":{"footnotes":""},"class_list":["post-54","page","type-page","status-publish","hentry"],"_links":{"self":[{"href":"http:\/\/paratraduccion.com\/doctorado\/wp-json\/wp\/v2\/pages\/54","targetHints":{"allow":["GET"]}}],"collection":[{"href":"http:\/\/paratraduccion.com\/doctorado\/wp-json\/wp\/v2\/pages"}],"about":[{"href":"http:\/\/paratraduccion.com\/doctorado\/wp-json\/wp\/v2\/types\/page"}],"author":[{"embeddable":true,"href":"http:\/\/paratraduccion.com\/doctorado\/wp-json\/wp\/v2\/users\/1"}],"replies":[{"embeddable":true,"href":"http:\/\/paratraduccion.com\/doctorado\/wp-json\/wp\/v2\/comments?post=54"}],"version-history":[{"count":23,"href":"http:\/\/paratraduccion.com\/doctorado\/wp-json\/wp\/v2\/pages\/54\/revisions"}],"predecessor-version":[{"id":896426,"href":"http:\/\/paratraduccion.com\/doctorado\/wp-json\/wp\/v2\/pages\/54\/revisions\/896426"}],"wp:attachment":[{"href":"http:\/\/paratraduccion.com\/doctorado\/wp-json\/wp\/v2\/media?parent=54"}],"curies":[{"name":"wp","href":"https:\/\/api.w.org\/{rel}","templated":true}]}}