{"id":122116,"date":"2022-06-01T13:12:57","date_gmt":"2022-06-01T13:12:57","guid":{"rendered":"https:\/\/paratraduccion.com\/limiares\/?page_id=122116"},"modified":"2022-06-01T14:13:30","modified_gmt":"2022-06-01T14:13:30","slug":"creditos-da-web-do-mtci","status":"publish","type":"page","link":"https:\/\/paratraduccion.com\/limiares\/es\/creditos-da-web-do-mtci\/","title":{"rendered":"Cr\u00e9ditos de la web del MTCI"},"content":{"rendered":"<p style=\"text-align: center;\">La nueva web del MTCI fue completamente renovada en el mes de mayo de 2022 y cont\u00f3 con la financiaci\u00f3n de la <a href=\"https:\/\/paratraduccion.com\/limiares\/es\/2021\/08\/13\/la-xunta-concede-la-excelencia-al-mtci-de-la-uvigo\/\" target=\"_blank\" rel=\"noopener\">Menci\u00f3n de Excelencia<\/a> otorgada por la Xunta de Galicia el 13 de agosto de 2021, siendo\u00a0<strong><a href=\"https:\/\/joseyustefrias.com\/\" target=\"_blank\" rel=\"noopener\">Jos\u00e9 Yuste Fr\u00edas<\/a><\/strong>\u00a0el coordinador del MTCI y <strong>\u00d3scar Ferreiro V\u00e1zquez<\/strong>\u00a0el secretario del MTCI.<\/p>\n<p style=\"text-align: center;\">Concepci\u00f3n, creaci\u00f3n, mantenimiento, programaci\u00f3n y desarrollo de la web: <strong>Iago Dosil Outes<\/strong><\/p>\n<p style=\"text-align: center;\">Administrador, coordinador, autor y editor de la web: <strong><a href=\"https:\/\/joseyustefrias.com\/\" target=\"_blank\" rel=\"noopener\">Jos\u00e9 Yuste Fr\u00edas<\/a><\/strong><\/p>\n<p style=\"text-align: center;\">Fotograf\u00edas: \u00a9 2022 <strong>Luciano Ca\u00f1adas \u00c1lvarez<\/strong><\/p>","protected":false},"excerpt":{"rendered":"<p>A nova Web do MTCI foi completamente renovada no mes de maio de 2022 e contou co financiamento\u00a0da Menci\u00f3n de Excelencia outorgada pola Xunta de Galicia o 13 de agosto de 2021, sendo\u00a0Jos\u00e9 Yuste Fr\u00edas\u00a0o coordinador do MTCI e \u00d3scar Ferreiro V\u00e1zquez\u00a0o secretario do MTCI. Concepci\u00f3n, creaci\u00f3n, mantemento, programaci\u00f3n e desenvolvemento da web: Iago Dosil&hellip;<\/p>","protected":false},"author":1,"featured_media":0,"parent":0,"menu_order":0,"comment_status":"closed","ping_status":"closed","template":"","meta":{"footnotes":""},"_links":{"self":[{"href":"https:\/\/paratraduccion.com\/limiares\/es\/wp-json\/wp\/v2\/pages\/122116"}],"collection":[{"href":"https:\/\/paratraduccion.com\/limiares\/es\/wp-json\/wp\/v2\/pages"}],"about":[{"href":"https:\/\/paratraduccion.com\/limiares\/es\/wp-json\/wp\/v2\/types\/page"}],"author":[{"embeddable":true,"href":"https:\/\/paratraduccion.com\/limiares\/es\/wp-json\/wp\/v2\/users\/1"}],"replies":[{"embeddable":true,"href":"https:\/\/paratraduccion.com\/limiares\/es\/wp-json\/wp\/v2\/comments?post=122116"}],"version-history":[{"count":14,"href":"https:\/\/paratraduccion.com\/limiares\/es\/wp-json\/wp\/v2\/pages\/122116\/revisions"}],"predecessor-version":[{"id":125137,"href":"https:\/\/paratraduccion.com\/limiares\/es\/wp-json\/wp\/v2\/pages\/122116\/revisions\/125137"}],"wp:attachment":[{"href":"https:\/\/paratraduccion.com\/limiares\/es\/wp-json\/wp\/v2\/media?parent=122116"}],"curies":[{"name":"wp","href":"https:\/\/api.w.org\/{rel}","templated":true}]}}

Créditos de la web del MTCI

<p style="text-align: center;">La nueva web del MTCI fue completamente renovada en el mes de mayo de 2022 y contó con la financiación de la <a href="https://paratraduccion.com/limiares/es/2021/08/13/la-xunta-concede-la-excelencia-al-mtci-de-la-uvigo/" target="_blank" rel="noopener">Mención de Excelencia</a> otorgada por la Xunta de Galicia el 13 de agosto de 2021, siendo <strong><a href="https://joseyustefrias.com/" target="_blank" rel="noopener">José Yuste Frías</a></strong> el coordinador del MTCI y <strong>Óscar Ferreiro Vázquez</strong> el secretario del MTCI.</p>
<p style="text-align: center;">Concepción, creación, mantenimiento, programación y desarrollo de la web: <strong>Iago Dosil Outes</strong></p>
<p style="text-align: center;">Administrador, coordinador, autor y editor de la web: <strong><a href="https://joseyustefrias.com/" target="_blank" rel="noopener">José Yuste Frías</a></strong></p>
<p style="text-align: center;">Fotografías: © 2022 <strong>Luciano Cañadas Álvarez</strong></p>

<p>A nova Web do MTCI foi completamente renovada no mes de maio de 2022 e contou co financiamento da Mención de Excelencia outorgada pola Xunta de Galicia o 13 de agosto de 2021, sendo José Yuste Frías o coordinador do MTCI e Óscar Ferreiro Vázquez o secretario do MTCI. Concepción, creación, mantemento, programación e desenvolvemento da web: Iago Dosil&hellip;</p>
