{"id":67,"date":"2013-04-23T23:24:41","date_gmt":"2013-04-23T23:24:41","guid":{"rendered":"http:\/\/paratraduccion.com\/mestrado\/exportacion-importacion\/"},"modified":"2024-06-25T13:01:26","modified_gmt":"2024-06-25T13:01:26","slug":"exportacion-importacion","status":"publish","type":"page","link":"https:\/\/paratraduccion.com\/limiares\/pt\/exportacion-importacion\/","title":{"rendered":"exporta\u00e7\u00e3o-importa\u00e7\u00e3o"},"content":{"rendered":"<p style=\"font-size: 12.16px; margin-bottom: 0.0001pt; text-align: right;\"><a href=\"https:\/\/seix.uvigo.es\/docnet-nuevo\/guia_docent\/?centre=301&amp;ensenyament=V01M128V01&amp;consulta=assignatures&amp;idioma=cast&amp;idioma=gal\" target=\"_blank\" rel=\"noopener noreferrer\"><span style=\"font-family: tahoma, arial, helvetica, sans-serif; font-size: 12pt;\">Acesso \u00e0s guias docentes em galego<\/span><\/a><\/p>\n<p style=\"text-align: right;\" class=\" translation-block\"><span style=\"font-family: tahoma, arial, helvetica, sans-serif;font-size: 12pt\" data-mce-mark=\"1\"><a href=\"https:\/\/seix.uvigo.es\/docnet-nuevo\/guia_docent\/?centre=301&amp;ensenyament=V01M128V01&amp;consulta=assignatures&amp;idioma=gal&amp;idioma=cast\" target=\"_blank\" rel=\"noopener noreferrer\" role=\"link\">Acesso \u00e0s\u00a0<\/a><a href=\"https:\/\/seix.uvigo.es\/docnet-nuevo\/guia_docent\/?centre=301&amp;ensenyament=V01M128V01&amp;consulta=assignatures&amp;idioma=gal&amp;idioma=cast\" target=\"_blank\" rel=\"noopener noreferrer\" role=\"link\">guias docentes em espanhol<\/a><\/span><\/a><\/span><\/p>\n<p><span style=\"font-family: tahoma, arial, helvetica, sans-serif; font-size: 12pt;\" data-mce-mark=\"1\">\u00a0<\/span><\/p>\n<p style=\"text-align: justify;\"><strong><span style=\"color: #222222; font-family: Arial; font-size: 14px;\">\u00a0<\/span><\/strong><\/p>\n<p style=\"text-align: justify;\"><span style=\"font-family: tahoma, arial, helvetica, sans-serif; font-size: 12pt;\"><b>Estrat\u00e9gias de tradu\u00e7\u00e3o exporta\u00e7\u00e3o\/importa\u00e7\u00e3o<\/b><\/span><\/p>\n<p style=\"text-align: justify;\"><span style=\"font-family: tahoma, arial, helvetica, sans-serif; font-size: 12pt;\">(Prof.\u00aa <a href=\"https:\/\/paratraduccion.com\/limiares\/pt\/abreu-lopez-lorena\/\" target=\"_blank\" rel=\"noopener noreferrer\">Lorena Abreu L\u00f3pez<\/a>)<\/span><\/p>\n<p style=\"text-align: justify;\">Nesta mat\u00e9ria, o alunado ser\u00e1 instru\u00eddo sobre as complexidades do com\u00e9rcio exterior e as fun\u00e7\u00f5es vitais do departamento de exporta\u00e7\u00e3o\/importa\u00e7\u00e3o. Ser\u00e3o explorados os documentos-chave, destacando a import\u00e2ncia da precis\u00e3o e da coer\u00eancia lingu\u00edstica para evitar mal-entendidos em transa\u00e7\u00f5es internacionais. Os estudantes aprender\u00e3o a traduzir termos espec\u00edficos do \u00e2mbito comercial, assim como a se adaptar \u00e0s normativas e pr\u00e1ticas empresariais de diferentes pa\u00edses.<\/p>\n<p style=\"text-align: justify;\">Al\u00e9m disso, ser\u00e3o abordadas as particularidades culturais e jur\u00eddicas que influenciam a tradu\u00e7\u00e3o de textos relacionados ao com\u00e9rcio internacional. Ser\u00e1 enfatizada a necessidade de compreender as responsabilidades do departamento de exporta\u00e7\u00e3o\/importa\u00e7\u00e3o, incluindo a negocia\u00e7\u00e3o de contratos, a gest\u00e3o aduaneira e a log\u00edstica. A mat\u00e9ria tamb\u00e9m fornecer\u00e1 ferramentas lingu\u00edsticas e conhecimentos especializados para que os tradutores contribuam para o sucesso das opera\u00e7\u00f5es comerciais globais.<\/p>","protected":false},"excerpt":{"rendered":"<p>Acceso \u00e1s gu\u00edas docentes en galego \u00a0Acceso \u00e1s\u00a0gu\u00edas docentes en castel\u00e1n \u00a0 \u00a0 Estratexias de traduci\u00f3n exportaci\u00f3n\/importaci\u00f3n (Prof.\u00aa Lorena Abreu L\u00f3pez) Nesta materia instruirase ao alumnado sobre as complexidades do comercio exterior e as funci\u00f3ns vitais do departamento de exportaci\u00f3n\/importaci\u00f3n. Exploraranse os documentos chave, destacando a importancia da precisi\u00f3n e a coherencia ling\u00fc\u00edstica para evitar&hellip;<\/p>","protected":false},"author":1,"featured_media":0,"parent":0,"menu_order":31,"comment_status":"closed","ping_status":"closed","template":"","meta":{"footnotes":""},"_links":{"self":[{"href":"https:\/\/paratraduccion.com\/limiares\/pt\/wp-json\/wp\/v2\/pages\/67"}],"collection":[{"href":"https:\/\/paratraduccion.com\/limiares\/pt\/wp-json\/wp\/v2\/pages"}],"about":[{"href":"https:\/\/paratraduccion.com\/limiares\/pt\/wp-json\/wp\/v2\/types\/page"}],"author":[{"embeddable":true,"href":"https:\/\/paratraduccion.com\/limiares\/pt\/wp-json\/wp\/v2\/users\/1"}],"replies":[{"embeddable":true,"href":"https:\/\/paratraduccion.com\/limiares\/pt\/wp-json\/wp\/v2\/comments?post=67"}],"version-history":[{"count":7,"href":"https:\/\/paratraduccion.com\/limiares\/pt\/wp-json\/wp\/v2\/pages\/67\/revisions"}],"predecessor-version":[{"id":125987,"href":"https:\/\/paratraduccion.com\/limiares\/pt\/wp-json\/wp\/v2\/pages\/67\/revisions\/125987"}],"wp:attachment":[{"href":"https:\/\/paratraduccion.com\/limiares\/pt\/wp-json\/wp\/v2\/media?parent=67"}],"curies":[{"name":"wp","href":"https:\/\/api.w.org\/{rel}","templated":true}]}}

exportação-importação

<p style="font-size: 12.16px; margin-bottom: 0.0001pt; text-align: right;"><a href="https://seix.uvigo.es/docnet-nuevo/guia_docent/?centre=301&amp;ensenyament=V01M128V01&amp;consulta=assignatures&amp;idioma=cast&amp;idioma=gal" target="_blank" rel="noopener noreferrer"><span style="font-family: tahoma, arial, helvetica, sans-serif; font-size: 12pt;">Acesso às guias docentes em galego</span></a></p>
<p style="text-align: right;" class=" translation-block"><span style="font-family: tahoma, arial, helvetica, sans-serif;font-size: 12pt" data-mce-mark="1"><a href="https://seix.uvigo.es/docnet-nuevo/guia_docent/?centre=301&amp;ensenyament=V01M128V01&amp;consulta=assignatures&amp;idioma=gal&amp;idioma=cast" target="_blank" rel="noopener noreferrer" role="link">Acesso às </a><a href="https://seix.uvigo.es/docnet-nuevo/guia_docent/?centre=301&amp;ensenyament=V01M128V01&amp;consulta=assignatures&amp;idioma=gal&amp;idioma=cast" target="_blank" rel="noopener noreferrer" role="link">guias docentes em espanhol</a></span></a></span></p>
<p><span style="font-family: tahoma, arial, helvetica, sans-serif; font-size: 12pt;" data-mce-mark="1"> </span></p>
<p style="text-align: justify;"><strong><span style="color: #222222; font-family: Arial; font-size: 14px;"> </span></strong></p>
<p style="text-align: justify;"><span style="font-family: tahoma, arial, helvetica, sans-serif; font-size: 12pt;"><b>Estratégias de tradução exportação/importação</b></span></p>
<p style="text-align: justify;"><span style="font-family: tahoma, arial, helvetica, sans-serif; font-size: 12pt;">(Prof.ª <a href="https://paratraduccion.com/limiares/pt/abreu-lopez-lorena/" target="_blank" rel="noopener noreferrer">Lorena Abreu López</a>)</span></p>
<p style="text-align: justify;">Nesta matéria, o alunado será instruído sobre as complexidades do comércio exterior e as funções vitais do departamento de exportação/importação. Serão explorados os documentos-chave, destacando a importância da precisão e da coerência linguística para evitar mal-entendidos em transações internacionais. Os estudantes aprenderão a traduzir termos específicos do âmbito comercial, assim como a se adaptar às normativas e práticas empresariais de diferentes países.</p>
<p style="text-align: justify;">Além disso, serão abordadas as particularidades culturais e jurídicas que influenciam a tradução de textos relacionados ao comércio internacional. Será enfatizada a necessidade de compreender as responsabilidades do departamento de exportação/importação, incluindo a negociação de contratos, a gestão aduaneira e a logística. A matéria também fornecerá ferramentas linguísticas e conhecimentos especializados para que os tradutores contribuam para o sucesso das operações comerciais globais.</p>

<p>Acceso ás guías docentes en galego  Acceso ás guías docentes en castelán     Estratexias de tradución exportación/importación (Prof.ª Lorena Abreu López) Nesta materia instruirase ao alumnado sobre as complexidades do comercio exterior e as funcións vitais do departamento de exportación/importación. Exploraranse os documentos chave, destacando a importancia da precisión e a coherencia lingüística para evitar&hellip;</p>
