{"id":177,"date":"2014-05-27T19:44:16","date_gmt":"2014-05-27T19:44:16","guid":{"rendered":"http:\/\/paratraduccion.com\/mestrado\/publicidade-mestrado\/"},"modified":"2014-05-27T19:44:16","modified_gmt":"2014-05-27T19:44:16","slug":"publicidade-mestrado","status":"publish","type":"page","link":"https:\/\/paratraduccion.com\/limiares\/publicidade-mestrado\/","title":{"rendered":"Presentaci\u00f3n do mestrado"},"content":{"rendered":"<p>Presentaci\u00f3n do mestrado universitario en traduci\u00f3n para a comunicaci\u00f3n internacional.<\/p>\n<p>Xo\u00e1n Montero Dom\u00ednguez \u00e9 o coordinador do mestrado universitario en traduci\u00f3n para a comunicaci\u00f3n internacional, Universidade de Vigo, encargado da presentaci\u00f3n<\/p>\n<p>&nbsp;<\/p>\n<p> <iframe src=\"http:\/\/tv.uvigo.es\/video\/iframe\/id\/21579\" style=\"border:0px #FFFFFF none;\" name=\"Pumukit - Media Player\" scrolling=\"no\" frameborder=\"1\" marginheight=\"0px\" marginwidth=\"0px\"  allowfullscreen webkitallowfullscreen height=\"420\" width=\"740\"><\/iframe><\/p>\n","protected":false},"excerpt":{"rendered":"<p>Presentaci\u00f3n do mestrado universitario en traduci\u00f3n para a comunicaci\u00f3n internacional. Xo\u00e1n Montero Dom\u00ednguez \u00e9 o coordinador do mestrado universitario en traduci\u00f3n para a comunicaci\u00f3n internacional, Universidade de Vigo, encargado da presentaci\u00f3n &nbsp;<\/p>\n","protected":false},"author":1,"featured_media":0,"parent":0,"menu_order":4,"comment_status":"closed","ping_status":"closed","template":"","meta":{"footnotes":""},"_links":{"self":[{"href":"https:\/\/paratraduccion.com\/limiares\/wp-json\/wp\/v2\/pages\/177"}],"collection":[{"href":"https:\/\/paratraduccion.com\/limiares\/wp-json\/wp\/v2\/pages"}],"about":[{"href":"https:\/\/paratraduccion.com\/limiares\/wp-json\/wp\/v2\/types\/page"}],"author":[{"embeddable":true,"href":"https:\/\/paratraduccion.com\/limiares\/wp-json\/wp\/v2\/users\/1"}],"replies":[{"embeddable":true,"href":"https:\/\/paratraduccion.com\/limiares\/wp-json\/wp\/v2\/comments?post=177"}],"version-history":[{"count":0,"href":"https:\/\/paratraduccion.com\/limiares\/wp-json\/wp\/v2\/pages\/177\/revisions"}],"wp:attachment":[{"href":"https:\/\/paratraduccion.com\/limiares\/wp-json\/wp\/v2\/media?parent=177"}],"curies":[{"name":"wp","href":"https:\/\/api.w.org\/{rel}","templated":true}]}}