{"id":92,"date":"2013-07-15T10:51:33","date_gmt":"2013-07-15T10:51:33","guid":{"rendered":"http:\/\/paratraduccion.com\/mestrado\/27-de-agosto-abrese-prazo-de-preinscricion\/"},"modified":"2013-07-15T10:51:33","modified_gmt":"2013-07-15T10:51:33","slug":"27-de-agosto-abrese-prazo-de-preinscricion","status":"publish","type":"page","link":"https:\/\/paratraduccion.com\/limiares\/27-de-agosto-abrese-prazo-de-preinscricion\/","title":{"rendered":"27 de agosto: \u00e1brese prazo de preinscrici\u00f3n"},"content":{"rendered":"<p><span style=\"font-family: arial, helvetica, sans-serif; font-size: 12pt;\">O 27 de agosto vindeiro comeza o segundo prazo de matr\u00edcula nos mestrados da Universidade de Vigo. O prazo de preinscrici\u00f3n ser\u00e1 dende o 27 de agosto ao 2 de setembro; o de matr\u00edcula, dende o 17 ao 20 de setembro. No seguinte cadro est\u00e1n resumidos os procesos e as s\u00faas datas:&nbsp;<\/span><\/p>\n<p>  <!--more-->  <\/p>\n<p><img fetchpriority=\"high\" decoding=\"async\" class=\" size-full wp-image-91\" src=\"http:\/\/paratraduccion.com\/mestrado\/wp-content\/uploads\/2013\/07\/datos_segunda_convocatoria.PNG\" width=\"570\" height=\"394\" alt=\"datos segunda convocatoria\" srcset=\"https:\/\/paratraduccion.com\/limiares\/wp-content\/uploads\/2013\/07\/datos_segunda_convocatoria.PNG 570w, https:\/\/paratraduccion.com\/limiares\/wp-content\/uploads\/2013\/07\/datos_segunda_convocatoria-320x221.png 320w, https:\/\/paratraduccion.com\/limiares\/wp-content\/uploads\/2013\/07\/datos_segunda_convocatoria-540x373.png 540w\" sizes=\"(max-width: 570px) 100vw, 570px\" \/><\/p>\n<p style=\"margin: 0px 0px 1.5em; padding: 0px; font-size: 1.1em; line-height: 1.5em; color: #555555; font-family: sans-serif; background-color: #f9f9f9;\"><span data-mce-mark=\"1\" style=\"margin: 0px; padding: 0px; font-family: arial, helvetica, sans-serif; font-size: 12pt; color: #000000;\">Para realizar a preinscrici\u00f3n,&nbsp;c\u00f3mpre entregar fotocopia ou copia escaneada de:&nbsp;<\/span><br style=\"color: #222222; font-family: Arial; font-size: 14px;\" \/><\/p>\n<ul style=\"margin-top: 1em; margin-bottom: 1em; margin-left: 0px; padding: 0px 0px 0.25em 2.5em; background-color: #f9f9f9; line-height: 22px; color: #301313; font-size: 15px; font-family: Georgia, 'Times New Roman', Times, serif;\">\n<li style=\"margin: 0px 0px 0px 15px; padding: 0px; border-top-width: 0px; text-align: justify;\"><span data-mce-mark=\"1\" style=\"margin: 0px; padding: 0px; color: #000000; font-family: arial, helvetica, sans-serif; font-size: 12pt;\">DNI.<\/span><\/li>\n<li style=\"margin: 0px 0px 0px 15px; padding: 0px; text-align: justify;\"><span data-mce-mark=\"1\" style=\"margin: 0px; padding: 0px; color: #000000; font-family: arial, helvetica, sans-serif; font-size: 12pt;\">Folla de preinscripci\u00f3n (<a href=\"https:\/\/matricula.uvigo.es\/\" target=\"_blank\" style=\"margin: 0px; padding: 0px; text-decoration: none; color: #133783; text-shadow: #ffffff 1px 1px 0px;\"><\/a><span data-mce-mark=\"1\" style=\"margin: 0px; padding: 0px; color: #000000; font-family: arial, helvetica, sans-serif; font-size: 12pt;\"><a href=\"https:\/\/matricula.uvigo.es\/\" style=\"margin: 0px; padding: 0px; text-decoration: none; color: #7f9788; text-shadow: #ffffff 1px 1px 0px;\"><span data-mce-mark=\"1\" style=\"margin: 0px; padding: 0px; color: #000000; font-family: arial, helvetica, sans-serif; font-size: 12pt;\"><\/span><\/a><a href=\"https:\/\/matricula.uvigo.es\">https:\/\/matricula.uvigo.es<\/a><\/span><\/span>).<\/li>\n<li style=\"margin: 0px 0px 0px 15px; padding: 0px; text-align: justify;\"><span data-mce-mark=\"1\" style=\"margin: 0px; padding: 0px; color: #000000; font-family: arial, helvetica, sans-serif; font-size: 12pt;\">Fotocopia do t\u00edtulo universitario.&nbsp;<\/span><\/li>\n<li style=\"margin: 0px 0px 0px 15px; padding: 0px; text-align: justify;\"><span data-mce-mark=\"1\" style=\"margin: 0px; padding: 0px; color: #000000; font-family: arial, helvetica, sans-serif; font-size: 12pt;\">Certificaci\u00f3n acad\u00e9mica oficial.&nbsp;<\/span><\/li>\n<\/ul>\n<p style=\"margin: 0px 0px 1.5em; padding: 0px; font-size: 1.1em; line-height: 1.5em; color: #555555; font-family: sans-serif; background-color: #f9f9f9;\"><span style=\"margin: 0px; padding: 0px; color: #000000; font-family: arial, helvetica, sans-serif; font-size: 12pt;\"><span style=\"margin: 0px; padding: 0px; color: #333333; line-height: 17px;\">Para m\u00e1is informaci\u00f3n:<\/span><br style=\"color: #333333; font-family: 'lucida grande', tahoma, verdana, arial, sans-serif; font-size: 13px; line-height: 17px;\" \/><a href=\"http:\/\/www.uvigo.es\/uvigo_gl\/administracion\/alumnado\/posgrao\/matricula2015\/\">http:\/\/www.uvigo.es\/uvigo_gl\/administracion\/alumnado\/posgrao\/matricula2015\/<\/a><a href=\"http:\/\/www.uvigo.es\/uvigo_gl\/\"><br \/><\/a><\/span><\/p>\n<p style=\"margin: 0px 0px 1.5em; padding: 0px; font-size: 1.1em; line-height: 1.5em; color: #555555; font-family: sans-serif; background-color: #f9f9f9;\"><span style=\"margin: 0px; padding: 0px; color: #000000; font-family: arial, helvetica, sans-serif; font-size: 12pt;\">&nbsp;<\/span><\/p>\n","protected":false},"excerpt":{"rendered":"<p>O 27 de agosto vindeiro comeza o segundo prazo de matr\u00edcula nos mestrados da Universidade de Vigo. O prazo de preinscrici\u00f3n ser\u00e1 dende o 27 de agosto ao 2 de setembro; o de matr\u00edcula, dende o 17 ao 20 de setembro. No seguinte cadro est\u00e1n resumidos os procesos e as s\u00faas datas:&nbsp;<\/p>\n","protected":false},"author":1,"featured_media":91,"parent":0,"menu_order":4,"comment_status":"closed","ping_status":"closed","template":"","meta":{"footnotes":""},"_links":{"self":[{"href":"https:\/\/paratraduccion.com\/limiares\/wp-json\/wp\/v2\/pages\/92"}],"collection":[{"href":"https:\/\/paratraduccion.com\/limiares\/wp-json\/wp\/v2\/pages"}],"about":[{"href":"https:\/\/paratraduccion.com\/limiares\/wp-json\/wp\/v2\/types\/page"}],"author":[{"embeddable":true,"href":"https:\/\/paratraduccion.com\/limiares\/wp-json\/wp\/v2\/users\/1"}],"replies":[{"embeddable":true,"href":"https:\/\/paratraduccion.com\/limiares\/wp-json\/wp\/v2\/comments?post=92"}],"version-history":[{"count":0,"href":"https:\/\/paratraduccion.com\/limiares\/wp-json\/wp\/v2\/pages\/92\/revisions"}],"wp:featuredmedia":[{"embeddable":true,"href":"https:\/\/paratraduccion.com\/limiares\/wp-json\/wp\/v2\/media\/91"}],"wp:attachment":[{"href":"https:\/\/paratraduccion.com\/limiares\/wp-json\/wp\/v2\/media?parent=92"}],"curies":[{"name":"wp","href":"https:\/\/api.w.org\/{rel}","templated":true}]}}