{"id":6200,"date":"2021-04-30T04:44:27","date_gmt":"2021-04-30T04:44:27","guid":{"rendered":"http:\/\/paratraduccion.com\/techling2021\/?page_id=6200"},"modified":"2023-10-29T21:20:54","modified_gmt":"2023-10-29T21:20:54","slug":"eje-2","status":"publish","type":"page","link":"https:\/\/paratraduccion.com\/paratradit\/pt\/eixo-2\/","title":{"rendered":"Pedagogia e did\u00e1tica digitais das l\u00ednguas"},"content":{"rendered":"<div data-elementor-type=\"wp-page\" data-elementor-id=\"6200\" class=\"elementor elementor-6200\" data-elementor-post-type=\"page\">\n\t\t\t\t\t\t\t\t\t<section class=\"elementor-section elementor-top-section elementor-element elementor-element-47b220c5 elementor-section-boxed elementor-section-height-default elementor-section-height-default\" data-id=\"47b220c5\" data-element_type=\"section\" data-settings=\"{&quot;_ha_eqh_enable&quot;:false}\">\n\t\t\t\t\t\t<div class=\"elementor-container elementor-column-gap-default\">\n\t\t\t\t\t<div class=\"elementor-column elementor-col-100 elementor-top-column elementor-element elementor-element-3e25385a\" data-id=\"3e25385a\" data-element_type=\"column\">\n\t\t\t<div class=\"elementor-widget-wrap elementor-element-populated\">\n\t\t\t\t\t\t\t\t<div class=\"elementor-element elementor-element-1574c88 uael-heading-align-center elementor-widget elementor-widget-uael-advanced-heading\" data-id=\"1574c88\" data-element_type=\"widget\" data-widget_type=\"uael-advanced-heading.default\">\n\t\t\t\t<div class=\"elementor-widget-container\">\n\t\t\t\n\t\t<div class=\"uael-module-content uael-heading-wrapper\">\n\t\t\t\t\t\t\n\t\t\t<h1 class=\"uael-heading\">\n\t\t\t\t\t\t\t\t\t<a href=\"#\" >\n\t\t\t\t\t\t\t\t\t\t<span class=\"uael-heading-text elementor-inline-editing uael-size--xxl\" data-elementor-setting-key=\"heading_title\" data-elementor-inline-editing-toolbar=\"basic\">Eixo<\/span>\n\t\t\t\t\t\t\t\t\t<\/a>\n\t\t\t\t\t\t\t<\/h1>\n\n\t\t\t\n\t\t\t\n\t\t\t\n\t\t\t\t\t\t\t<div class=\"uael-module-content uael-separator-parent\">\n\t\t\t\t\t\t\t\t<div class=\"uael-separator-wrap\">\n\t\t\t\t\t<div class=\"uael-separator-line uael-side-left\">\n\t\t\t\t\t\t<span><\/span>\n\t\t\t\t\t<\/div>\n\t\t\t\t\t<div class=\"uael-divider-content\">\n\t\t\t\t\t\t\t\t\t\t\t\t<h3 class=\"uael-divider-text elementor-inline-editing\" data-elementor-setting-key=\"heading_line_text\" data-elementor-inline-editing-toolbar=\"basic\">n\u00ba2<\/h3>\n\t\t\t\t\t<\/div>\n\t\t\t\t\t<div class=\"uael-separator-line uael-side-right\">\n\t\t\t\t\t\t<span><\/span>\n\t\t\t\t\t<\/div>\n\t\t\t\t<\/div>\n\t\t\t\t\t\t\t\t\t\t<\/div>\n\t\t\t\t\t<\/div>\n\t\t\t\t<\/div>\n\t\t\t\t<\/div>\n\t\t\t\t<div class=\"elementor-element elementor-element-55dfe205 elementor-widget elementor-widget-text-editor\" data-id=\"55dfe205\" data-element_type=\"widget\" data-widget_type=\"text-editor.default\">\n\t\t\t\t<div class=\"elementor-widget-container\">\n\t\t\t\t\t\t\t<h2 style=\"text-align: center;\"><span style=\"font-family: georgia, palatino; color: #333333;\">Pedagogia e did\u00e1tica digitais das l\u00ednguas<\/span><\/h2><h3>\u00a0<\/h3><h3 style=\"text-align: right;\"><span style=\"font-family: georgia, palatino; color: #de2828;\">Coordena\u00e7\u00e3o:<\/span><\/h3><h4 style=\"text-align: right;\"><span style=\"font-family: georgia, palatino; color: #333333;\">Emmanuel Claude Bourgoin Vergondy<\/span><\/h4><p style=\"text-align: justify;\"><span style=\"color: #333333; font-family: georgia, palatino; font-weight: var( --e-global-typography-text-font-weight ); letter-spacing: var(--the7-base-letter-spacing); text-transform: var(--the7-base-text-transform); word-spacing: normal;\">\u00a0<\/span><\/p><p style=\"text-align: justify;\"><span style=\"color: #333333; font-family: georgia, palatino; font-weight: var( --e-global-typography-text-font-weight ); letter-spacing: var(--the7-base-letter-spacing); text-transform: var(--the7-base-text-transform); word-spacing: normal;\">O prop\u00f3sito deste congresso, e mais em particular neste segundo eixo tem\u00e1tico, \u00e9 oferecer-lhes a possibilidade de apresentar suas iniciativas de pesquisa, seus resultados, bem como suas experi\u00eancias pr\u00e1ticas di\u00e1rias <\/span><span style=\"color: #333333; font-family: georgia, palatino; letter-spacing: var(--the7-base-letter-spacing); text-transform: var(--the7-base-text-transform); word-spacing: normal;\"> do ensino digital<\/span><span style=\"color: #333333; font-family: georgia, palatino; font-weight: var( --e-global-typography-text-font-weight ); letter-spacing: var(--the7-base-letter-spacing); text-transform: var(--the7-base-text-transform); word-spacing: normal;\"> em sala de aula.<\/span><\/p><p style=\"text-align: justify;\"><span style=\"font-weight: 400; font-family: georgia, palatino; font-size: 12pt; color: #333333;\">Convidamos todos\/as, professores\/as de universidade e de Ensino m\u00e9dio, especialistas em did\u00e1tica, editoras\/es de manuais e criadores de conte\u00fados \u2013 f\u00edsico ou digital \u2013 a serem vetores de inspira\u00e7\u00e3o para toda a comunidade docente.<\/span><\/p><p style=\"text-align: justify;\"><span style=\"font-family: georgia, palatino; font-size: 12pt; color: #333333;\">A seguir, apresentamos uma breve lista dos poss\u00edveis temas que gostar\u00edamos de tratar neste segundo eixo tem\u00e1tico do Congresso. <strong>Aten\u00e7\u00e3o<\/strong>: essa lista \u00e9, simplesmente, orientativa e estamos abertos a outras propostas originais que possam tratar de qualquer aspecto concernente \u00e0<em> Pedagogia e did\u00e1tica digitais das l\u00ednguas<\/em>:<\/span><\/p>\t\t\t\t\t\t<\/div>\n\t\t\t\t<\/div>\n\t\t\t\t\t<\/div>\n\t\t<\/div>\n\t\t\t\t\t\t\t<\/div>\n\t\t<\/section>\n\t\t\t\t<section class=\"elementor-section elementor-top-section elementor-element elementor-element-43e7133 elementor-section-boxed elementor-section-height-default elementor-section-height-default\" data-id=\"43e7133\" data-element_type=\"section\" data-settings=\"{&quot;_ha_eqh_enable&quot;:false}\">\n\t\t\t\t\t\t<div class=\"elementor-container elementor-column-gap-default\">\n\t\t\t\t\t<div class=\"elementor-column elementor-col-100 elementor-top-column elementor-element elementor-element-c2e9b37\" data-id=\"c2e9b37\" data-element_type=\"column\">\n\t\t\t<div class=\"elementor-widget-wrap elementor-element-populated\">\n\t\t\t\t\t\t\t\t<div class=\"elementor-element elementor-element-3fab98b elementor-widget elementor-widget-accordion\" data-id=\"3fab98b\" data-element_type=\"widget\" data-widget_type=\"accordion.default\">\n\t\t\t\t<div class=\"elementor-widget-container\">\n\t\t\t\t\t<div class=\"elementor-accordion\">\n\t\t\t\t\t\t\t<div class=\"elementor-accordion-item\">\n\t\t\t\t\t<div id=\"elementor-tab-title-6671\" class=\"elementor-tab-title\" data-tab=\"1\" role=\"button\" aria-controls=\"elementor-tab-content-6671\" aria-expanded=\"false\">\n\t\t\t\t\t\t\t\t\t\t\t\t\t<span class=\"elementor-accordion-icon elementor-accordion-icon-left\" aria-hidden=\"true\">\n\t\t\t\t\t\t\t\t\t\t\t\t\t\t\t<span class=\"elementor-accordion-icon-closed\"><i class=\"fas fa-plus\"><\/i><\/span>\n\t\t\t\t\t\t\t\t<span class=\"elementor-accordion-icon-opened\"><i class=\"fas fa-minus\"><\/i><\/span>\n\t\t\t\t\t\t\t\t\t\t\t\t\t\t<\/span>\n\t\t\t\t\t\t\t\t\t\t\t\t<a class=\"elementor-accordion-title\" tabindex=\"0\">MODALIDADES DE DOC\u00caNCIA DIGITAL<\/a>\n\t\t\t\t\t<\/div>\n\t\t\t\t\t<div id=\"elementor-tab-content-6671\" class=\"elementor-tab-content elementor-clearfix\" data-tab=\"1\" role=\"region\" aria-labelledby=\"elementor-tab-title-6671\"><ul><li style=\"font-weight: 400;\" aria-level=\"1\"><span style=\"font-weight: 400;\">A aprendizagem colaborativa na aula de l\u00ednguas estrangeiras<\/span><\/li><li style=\"font-weight: 400;\" aria-level=\"1\"><span style=\"font-weight: 400;\">A multimodalidade na aula de l\u00edngua estrangeiras<\/span><ul><li style=\"font-weight: 400;\" aria-level=\"2\"><span style=\"font-weight: 400;\">Misto ou H\u00edbrido Flex\u00edvel (HyFlex)<\/span><\/li><li style=\"font-weight: 400;\" aria-level=\"2\"><span style=\"font-weight: 400;\">Comodal<\/span><\/li><li style=\"font-weight: 400;\" aria-level=\"2\"><span style=\"font-weight: 400;\">On-line<\/span><\/li><\/ul><\/li><\/ul><\/div>\n\t\t\t\t<\/div>\n\t\t\t\t\t\t\t<div class=\"elementor-accordion-item\">\n\t\t\t\t\t<div id=\"elementor-tab-title-6672\" class=\"elementor-tab-title\" data-tab=\"2\" role=\"button\" aria-controls=\"elementor-tab-content-6672\" aria-expanded=\"false\">\n\t\t\t\t\t\t\t\t\t\t\t\t\t<span class=\"elementor-accordion-icon elementor-accordion-icon-left\" aria-hidden=\"true\">\n\t\t\t\t\t\t\t\t\t\t\t\t\t\t\t<span class=\"elementor-accordion-icon-closed\"><i class=\"fas fa-plus\"><\/i><\/span>\n\t\t\t\t\t\t\t\t<span class=\"elementor-accordion-icon-opened\"><i class=\"fas fa-minus\"><\/i><\/span>\n\t\t\t\t\t\t\t\t\t\t\t\t\t\t<\/span>\n\t\t\t\t\t\t\t\t\t\t\t\t<a class=\"elementor-accordion-title\" tabindex=\"0\">AS TICs NA SALA DE AULA<\/a>\n\t\t\t\t\t<\/div>\n\t\t\t\t\t<div id=\"elementor-tab-content-6672\" class=\"elementor-tab-content elementor-clearfix\" data-tab=\"2\" role=\"region\" aria-labelledby=\"elementor-tab-title-6672\"><ul><li style=\"font-weight: 400;\" aria-level=\"1\"><span style=\"font-weight: 400;\">Integra\u00e7\u00e3o das TIC na aula de l\u00ednguas estrangeiras<\/span><\/li><li style=\"font-weight: 400;\" aria-level=\"1\"><span style=\"font-weight: 400;\">A telecolabora\u00e7\u00e3o na aula de l\u00ednguas estrangeiras<\/span><\/li><li style=\"font-weight: 400;\" aria-level=\"1\"><span style=\"font-weight: 400;\">Utiliza\u00e7\u00e3o das RR.SS. na aula de l\u00ednguas estrangeiras<\/span><\/li><li style=\"font-weight: 400;\" aria-level=\"1\"><span style=\"font-weight: 400;\">O papel dos LMS na aula de l\u00ednguas estrangeiras<\/span><\/li><li style=\"font-weight: 400;\" aria-level=\"1\"><span style=\"font-weight: 400;\">Cria\u00e7\u00e3o de novos planos de ensino na aula de l\u00ednguas estrangeiras<\/span><\/li><li style=\"font-weight: 400;\" aria-level=\"1\"><span style=\"font-weight: 400;\">Como trabalhar todas as compet\u00eancias na aula de l\u00ednguas estrangeiras: as estrat\u00e9gias tecnol\u00f3gicas<\/span><\/li><\/ul><\/div>\n\t\t\t\t<\/div>\n\t\t\t\t\t\t\t<div class=\"elementor-accordion-item\">\n\t\t\t\t\t<div id=\"elementor-tab-title-6673\" class=\"elementor-tab-title\" data-tab=\"3\" role=\"button\" aria-controls=\"elementor-tab-content-6673\" aria-expanded=\"false\">\n\t\t\t\t\t\t\t\t\t\t\t\t\t<span class=\"elementor-accordion-icon elementor-accordion-icon-left\" aria-hidden=\"true\">\n\t\t\t\t\t\t\t\t\t\t\t\t\t\t\t<span class=\"elementor-accordion-icon-closed\"><i class=\"fas fa-plus\"><\/i><\/span>\n\t\t\t\t\t\t\t\t<span class=\"elementor-accordion-icon-opened\"><i class=\"fas fa-minus\"><\/i><\/span>\n\t\t\t\t\t\t\t\t\t\t\t\t\t\t<\/span>\n\t\t\t\t\t\t\t\t\t\t\t\t<a class=\"elementor-accordion-title\" tabindex=\"0\">INTERATIVIDADE NA SALA DE AULA<\/a>\n\t\t\t\t\t<\/div>\n\t\t\t\t\t<div id=\"elementor-tab-content-6673\" class=\"elementor-tab-content elementor-clearfix\" data-tab=\"3\" role=\"region\" aria-labelledby=\"elementor-tab-title-6673\"><ul><li style=\"font-weight: 400;\" aria-level=\"1\"><span style=\"font-weight: 400;\">Recep\u00e7\u00e3o: escutar e ler<\/span><\/li><li style=\"font-weight: 400;\" aria-level=\"1\"><span style=\"font-weight: 400;\">Produ\u00e7\u00e3o: falar e escrever<\/span><\/li><li style=\"font-weight: 400;\" aria-level=\"1\"><span style=\"font-weight: 400;\">Media\u00e7\u00e3o oral e escrita<\/span><\/li><li style=\"font-weight: 400;\" aria-level=\"1\"><span style=\"font-weight: 400;\">Intera\u00e7\u00e3o oral e escrita<\/span><\/li><li style=\"font-weight: 400;\" aria-level=\"1\"><span style=\"font-weight: 400;\">A gamifica\u00e7\u00e3o na did\u00e1tica das l\u00ednguas<\/span><\/li><li style=\"font-weight: 400;\" aria-level=\"1\"><span style=\"font-weight: 400;\">Rob\u00f4s para o ensino da psicomotricidade e das l\u00ednguas estrangeiras<\/span><\/li><li style=\"font-weight: 400;\" aria-level=\"1\"><span style=\"font-weight: 400;\">Comunidades on-line no ensino de l\u00ednguas<\/span><\/li><li style=\"font-weight: 400;\" aria-level=\"1\"><span style=\"font-weight: 400;\">A brecha digital e seu impacto na implementa\u00e7\u00e3o das TIC na aula de l\u00edngua estrangeira<\/span><\/li><\/ul><\/div>\n\t\t\t\t<\/div>\n\t\t\t\t\t\t\t\t<\/div>\n\t\t\t\t<\/div>\n\t\t\t\t<\/div>\n\t\t\t\t\t<\/div>\n\t\t<\/div>\n\t\t\t\t\t\t\t<\/div>\n\t\t<\/section>\n\t\t\t\t\t\t\t<\/div>","protected":false},"excerpt":{"rendered":"<p>Eje n\u00ba2 Pedagog\u00eda y did\u00e1ctica digitales de las lenguas \u00a0 Coordinaci\u00f3n: Emmanuel Claude Bourgoin Vergondy \u00a0 El prop\u00f3sito de este congreso, y m\u00e1s en particular en este segundo eje, es ofreceros la posibilidad de presentar vuestras iniciativas investigadoras, vuestros resultados, as\u00ed como vuestras experiencias pr\u00e1cticas diarias de la docencia digital en el aula. Os invitamos&hellip;<\/p>","protected":false},"author":2,"featured_media":0,"parent":0,"menu_order":0,"comment_status":"closed","ping_status":"closed","template":"","meta":{"footnotes":""},"class_list":["post-6200","page","type-page","status-publish","hentry"],"_links":{"self":[{"href":"https:\/\/paratraduccion.com\/paratradit\/pt\/wp-json\/wp\/v2\/pages\/6200","targetHints":{"allow":["GET"]}}],"collection":[{"href":"https:\/\/paratraduccion.com\/paratradit\/pt\/wp-json\/wp\/v2\/pages"}],"about":[{"href":"https:\/\/paratraduccion.com\/paratradit\/pt\/wp-json\/wp\/v2\/types\/page"}],"author":[{"embeddable":true,"href":"https:\/\/paratraduccion.com\/paratradit\/pt\/wp-json\/wp\/v2\/users\/2"}],"replies":[{"embeddable":true,"href":"https:\/\/paratraduccion.com\/paratradit\/pt\/wp-json\/wp\/v2\/comments?post=6200"}],"version-history":[{"count":71,"href":"https:\/\/paratraduccion.com\/paratradit\/pt\/wp-json\/wp\/v2\/pages\/6200\/revisions"}],"predecessor-version":[{"id":11872,"href":"https:\/\/paratraduccion.com\/paratradit\/pt\/wp-json\/wp\/v2\/pages\/6200\/revisions\/11872"}],"wp:attachment":[{"href":"https:\/\/paratraduccion.com\/paratradit\/pt\/wp-json\/wp\/v2\/media?parent=6200"}],"curies":[{"name":"wp","href":"https:\/\/api.w.org\/{rel}","templated":true}]}}

Pedagogia e didática digitais das línguas

<div data-elementor-type="wp-page" data-elementor-id="6200" class="elementor elementor-6200" data-elementor-post-type="page">
									<section class="elementor-section elementor-top-section elementor-element elementor-element-47b220c5 elementor-section-boxed elementor-section-height-default elementor-section-height-default" data-id="47b220c5" data-element_type="section" data-settings="{&quot;_ha_eqh_enable&quot;:false}">
						<div class="elementor-container elementor-column-gap-default">
					<div class="elementor-column elementor-col-100 elementor-top-column elementor-element elementor-element-3e25385a" data-id="3e25385a" data-element_type="column">
			<div class="elementor-widget-wrap elementor-element-populated">
								<div class="elementor-element elementor-element-1574c88 uael-heading-align-center elementor-widget elementor-widget-uael-advanced-heading" data-id="1574c88" data-element_type="widget" data-widget_type="uael-advanced-heading.default">
				<div class="elementor-widget-container">
			
		<div class="uael-module-content uael-heading-wrapper">
						
			<h1 class="uael-heading">
									<a href="#" >
										<span class="uael-heading-text elementor-inline-editing uael-size--xxl" data-elementor-setting-key="heading_title" data-elementor-inline-editing-toolbar="basic">Eixo</span>
									</a>
							</h1>

			
			
			
							<div class="uael-module-content uael-separator-parent">
								<div class="uael-separator-wrap">
					<div class="uael-separator-line uael-side-left">
						<span></span>
					</div>
					<div class="uael-divider-content">
												<h3 class="uael-divider-text elementor-inline-editing" data-elementor-setting-key="heading_line_text" data-elementor-inline-editing-toolbar="basic">nº2</h3>
					</div>
					<div class="uael-separator-line uael-side-right">
						<span></span>
					</div>
				</div>
										</div>
					</div>
				</div>
				</div>
				<div class="elementor-element elementor-element-55dfe205 elementor-widget elementor-widget-text-editor" data-id="55dfe205" data-element_type="widget" data-widget_type="text-editor.default">
				<div class="elementor-widget-container">
							<h2 style="text-align: center;"><span style="font-family: georgia, palatino; color: #333333;">Pedagogia e didática digitais das línguas</span></h2><h3> </h3><h3 style="text-align: right;"><span style="font-family: georgia, palatino; color: #de2828;">Coordenação:</span></h3><h4 style="text-align: right;"><span style="font-family: georgia, palatino; color: #333333;">Emmanuel Claude Bourgoin Vergondy</span></h4><p style="text-align: justify;"><span style="color: #333333; font-family: georgia, palatino; font-weight: var( --e-global-typography-text-font-weight ); letter-spacing: var(--the7-base-letter-spacing); text-transform: var(--the7-base-text-transform); word-spacing: normal;"> </span></p><p style="text-align: justify;"><span style="color: #333333; font-family: georgia, palatino; font-weight: var( --e-global-typography-text-font-weight ); letter-spacing: var(--the7-base-letter-spacing); text-transform: var(--the7-base-text-transform); word-spacing: normal;">O propósito deste congresso, e mais em particular neste segundo eixo temático, é oferecer-lhes a possibilidade de apresentar suas iniciativas de pesquisa, seus resultados, bem como suas experiências práticas diárias </span><span style="color: #333333; font-family: georgia, palatino; letter-spacing: var(--the7-base-letter-spacing); text-transform: var(--the7-base-text-transform); word-spacing: normal;"> do ensino digital</span><span style="color: #333333; font-family: georgia, palatino; font-weight: var( --e-global-typography-text-font-weight ); letter-spacing: var(--the7-base-letter-spacing); text-transform: var(--the7-base-text-transform); word-spacing: normal;"> em sala de aula.</span></p><p style="text-align: justify;"><span style="font-weight: 400; font-family: georgia, palatino; font-size: 12pt; color: #333333;">Convidamos todos/as, professores/as de universidade e de Ensino médio, especialistas em didática, editoras/es de manuais e criadores de conteúdos – físico ou digital – a serem vetores de inspiração para toda a comunidade docente.</span></p><p style="text-align: justify;"><span style="font-family: georgia, palatino; font-size: 12pt; color: #333333;">A seguir, apresentamos uma breve lista dos possíveis temas que gostaríamos de tratar neste segundo eixo temático do Congresso. <strong>Atenção</strong>: essa lista é, simplesmente, orientativa e estamos abertos a outras propostas originais que possam tratar de qualquer aspecto concernente à<em> Pedagogia e didática digitais das línguas</em>:</span></p>						</div>
				</div>
					</div>
		</div>
							</div>
		</section>
				<section class="elementor-section elementor-top-section elementor-element elementor-element-43e7133 elementor-section-boxed elementor-section-height-default elementor-section-height-default" data-id="43e7133" data-element_type="section" data-settings="{&quot;_ha_eqh_enable&quot;:false}">
						<div class="elementor-container elementor-column-gap-default">
					<div class="elementor-column elementor-col-100 elementor-top-column elementor-element elementor-element-c2e9b37" data-id="c2e9b37" data-element_type="column">
			<div class="elementor-widget-wrap elementor-element-populated">
								<div class="elementor-element elementor-element-3fab98b elementor-widget elementor-widget-accordion" data-id="3fab98b" data-element_type="widget" data-widget_type="accordion.default">
				<div class="elementor-widget-container">
					<div class="elementor-accordion">
							<div class="elementor-accordion-item">
					<div id="elementor-tab-title-6671" class="elementor-tab-title" data-tab="1" role="button" aria-controls="elementor-tab-content-6671" aria-expanded="false">
													<span class="elementor-accordion-icon elementor-accordion-icon-left" aria-hidden="true">
															<span class="elementor-accordion-icon-closed"><i class="fas fa-plus"></i></span>
								<span class="elementor-accordion-icon-opened"><i class="fas fa-minus"></i></span>
														</span>
												<a class="elementor-accordion-title" tabindex="0">MODALIDADES DE DOCÊNCIA DIGITAL</a>
					</div>
					<div id="elementor-tab-content-6671" class="elementor-tab-content elementor-clearfix" data-tab="1" role="region" aria-labelledby="elementor-tab-title-6671"><ul><li style="font-weight: 400;" aria-level="1"><span style="font-weight: 400;">A aprendizagem colaborativa na aula de línguas estrangeiras</span></li><li style="font-weight: 400;" aria-level="1"><span style="font-weight: 400;">A multimodalidade na aula de língua estrangeiras</span><ul><li style="font-weight: 400;" aria-level="2"><span style="font-weight: 400;">Misto ou Híbrido Flexível (HyFlex)</span></li><li style="font-weight: 400;" aria-level="2"><span style="font-weight: 400;">Comodal</span></li><li style="font-weight: 400;" aria-level="2"><span style="font-weight: 400;">On-line</span></li></ul></li></ul></div>
				</div>
							<div class="elementor-accordion-item">
					<div id="elementor-tab-title-6672" class="elementor-tab-title" data-tab="2" role="button" aria-controls="elementor-tab-content-6672" aria-expanded="false">
													<span class="elementor-accordion-icon elementor-accordion-icon-left" aria-hidden="true">
															<span class="elementor-accordion-icon-closed"><i class="fas fa-plus"></i></span>
								<span class="elementor-accordion-icon-opened"><i class="fas fa-minus"></i></span>
														</span>
												<a class="elementor-accordion-title" tabindex="0">AS TICs NA SALA DE AULA</a>
					</div>
					<div id="elementor-tab-content-6672" class="elementor-tab-content elementor-clearfix" data-tab="2" role="region" aria-labelledby="elementor-tab-title-6672"><ul><li style="font-weight: 400;" aria-level="1"><span style="font-weight: 400;">Integração das TIC na aula de línguas estrangeiras</span></li><li style="font-weight: 400;" aria-level="1"><span style="font-weight: 400;">A telecolaboração na aula de línguas estrangeiras</span></li><li style="font-weight: 400;" aria-level="1"><span style="font-weight: 400;">Utilização das RR.SS. na aula de línguas estrangeiras</span></li><li style="font-weight: 400;" aria-level="1"><span style="font-weight: 400;">O papel dos LMS na aula de línguas estrangeiras</span></li><li style="font-weight: 400;" aria-level="1"><span style="font-weight: 400;">Criação de novos planos de ensino na aula de línguas estrangeiras</span></li><li style="font-weight: 400;" aria-level="1"><span style="font-weight: 400;">Como trabalhar todas as competências na aula de línguas estrangeiras: as estratégias tecnológicas</span></li></ul></div>
				</div>
							<div class="elementor-accordion-item">
					<div id="elementor-tab-title-6673" class="elementor-tab-title" data-tab="3" role="button" aria-controls="elementor-tab-content-6673" aria-expanded="false">
													<span class="elementor-accordion-icon elementor-accordion-icon-left" aria-hidden="true">
															<span class="elementor-accordion-icon-closed"><i class="fas fa-plus"></i></span>
								<span class="elementor-accordion-icon-opened"><i class="fas fa-minus"></i></span>
														</span>
												<a class="elementor-accordion-title" tabindex="0">INTERATIVIDADE NA SALA DE AULA</a>
					</div>
					<div id="elementor-tab-content-6673" class="elementor-tab-content elementor-clearfix" data-tab="3" role="region" aria-labelledby="elementor-tab-title-6673"><ul><li style="font-weight: 400;" aria-level="1"><span style="font-weight: 400;">Recepção: escutar e ler</span></li><li style="font-weight: 400;" aria-level="1"><span style="font-weight: 400;">Produção: falar e escrever</span></li><li style="font-weight: 400;" aria-level="1"><span style="font-weight: 400;">Mediação oral e escrita</span></li><li style="font-weight: 400;" aria-level="1"><span style="font-weight: 400;">Interação oral e escrita</span></li><li style="font-weight: 400;" aria-level="1"><span style="font-weight: 400;">A gamificação na didática das línguas</span></li><li style="font-weight: 400;" aria-level="1"><span style="font-weight: 400;">Robôs para o ensino da psicomotricidade e das línguas estrangeiras</span></li><li style="font-weight: 400;" aria-level="1"><span style="font-weight: 400;">Comunidades on-line no ensino de línguas</span></li><li style="font-weight: 400;" aria-level="1"><span style="font-weight: 400;">A brecha digital e seu impacto na implementação das TIC na aula de língua estrangeira</span></li></ul></div>
				</div>
								</div>
				</div>
				</div>
					</div>
		</div>
							</div>
		</section>
							</div>

<p>Eje nº2 Pedagogía y didáctica digitales de las lenguas   Coordinación: Emmanuel Claude Bourgoin Vergondy   El propósito de este congreso, y más en particular en este segundo eje, es ofreceros la posibilidad de presentar vuestras iniciativas investigadoras, vuestros resultados, así como vuestras experiencias prácticas diarias de la docencia digital en el aula. Os invitamos&hellip;</p>
