{"id":42,"date":"2018-08-14T21:52:45","date_gmt":"2018-08-14T21:52:45","guid":{"rendered":"http:\/\/paratraduccion.com\/videojuegos\/\/?page_id=42"},"modified":"2018-09-10T22:57:10","modified_gmt":"2018-09-10T22:57:10","slug":"videos","status":"publish","type":"page","link":"https:\/\/paratraduccion.com\/videojuegos\/videos\/","title":{"rendered":"V\u00cdDEOS"},"content":{"rendered":"<div class=\"wpb-content-wrapper\"><p>[vc_row][vc_column][vc_column_text]<\/p>\n<p style=\"text-align: justify;\">En esta secci\u00f3n <strong>V\u00cdDEOS<\/strong> de nuestra web estar\u00e1n recopiladas todas las entradas del blog en las que os presentaremos los v\u00eddeos m\u00e1s destacados de\u00a0<em>Petisoper\u00edas<\/em>, el canal de youtube de <a href=\"http:\/\/premios.atrae.org\/alba-calvo\/\" target=\"_blank\" rel=\"noopener noreferrer\">Alba Calvo Porr\u00faa<\/a>\u00a0(Pixie) y <a href=\"http:\/\/premios.atrae.org\/ramon-mendez\/\" target=\"_blank\" rel=\"noopener noreferrer\">Ram\u00f3n M\u00e9ndez Gonz\u00e1lez<\/a> (Dixie), en el que nos cuentan, en primera persona del pural (y a veces del singular), las experiencias vividas a lo largo de la traducci\u00f3n de los distintos videojuegos en lo que han \u00a0trabajado.<\/p>\n<p><img loading=\"lazy\" decoding=\"async\" class=\"wp-image-324 size-full aligncenter\" src=\"http:\/\/paratraduccion.com\/videojuegos\/\/wp-content\/uploads\/2018\/08\/Petisoperias_02.jpg\" alt=\"\" width=\"785\" height=\"166\" srcset=\"https:\/\/paratraduccion.com\/videojuegos\/wp-content\/uploads\/2018\/08\/Petisoperias_02.jpg 785w, https:\/\/paratraduccion.com\/videojuegos\/wp-content\/uploads\/2018\/08\/Petisoperias_02-300x63.jpg 300w, https:\/\/paratraduccion.com\/videojuegos\/wp-content\/uploads\/2018\/08\/Petisoperias_02-768x162.jpg 768w, https:\/\/paratraduccion.com\/videojuegos\/wp-content\/uploads\/2018\/08\/Petisoperias_02-664x140.jpg 664w\" sizes=\"auto, (max-width: 785px) 100vw, 785px\" \/><\/p>\n<p style=\"text-align: justify;\"><img loading=\"lazy\" decoding=\"async\" class=\"alignleft wp-image-323 size-thumbnail\" src=\"http:\/\/paratraduccion.com\/videojuegos\/\/wp-content\/uploads\/2018\/08\/petisoperias-150x150.jpg\" alt=\"\" width=\"150\" height=\"150\" srcset=\"https:\/\/paratraduccion.com\/videojuegos\/wp-content\/uploads\/2018\/08\/petisoperias-150x150.jpg 150w, https:\/\/paratraduccion.com\/videojuegos\/wp-content\/uploads\/2018\/08\/petisoperias-90x90.jpg 90w, https:\/\/paratraduccion.com\/videojuegos\/wp-content\/uploads\/2018\/08\/petisoperias.jpg 288w\" sizes=\"auto, (max-width: 150px) 100vw, 150px\" \/><a href=\"https:\/\/www.youtube.com\/channel\/UCh1ltuu9ZJ0LXrEmuudHDxQ\" target=\"_blank\" rel=\"noopener noreferrer\">Petisoper\u00edas<\/a>, es mucho m\u00e1s que un simple canal personal de Youtube sobre traducci\u00f3n de videojuegos. Tal y como dice su creadora, <a href=\"http:\/\/premios.atrae.org\/alba-calvo\/\" target=\"_blank\" rel=\"noopener noreferrer\">Alba Calvo Porr\u00faa<\/a>\u00a0(Pixie), en este canal \u00abpodr\u00e1s encontrar v\u00eddeos sobre mis viajes, mis aventuras, mi d\u00eda a d\u00eda, los eventos a los que voy, gameplays, cosas relacionadas con mi trabajo&#8230; En definitiva, petisoper\u00edas varias :)\u00bb. Hay mucha vida profesional en este canal. Comprobar\u00e1s que los v\u00eddeos \u00abpersonales\u00bb que encontrar\u00e1s resultan ser aut\u00e9nticos fragmentos sinceros de la vida diaria de una pareja unida por su amor a los videojuegos. Y es que cuando pones pasi\u00f3n en lo que haces, se nota en la calidad del producto final. Vivir <span style=\"color: #ff0000;\">para<\/span>-traducir\u2026 videojuegos.<\/p>\n<p>[\/vc_column_text][\/vc_column][\/vc_row][vc_row][vc_column][vc_masonry_grid post_type=\u00bbpost\u00bb max_items=\u00bb100&#8243; element_width=\u00bb12&#8243; grid_id=\u00bbvc_gid:1536565416006-f4b442b4-f2c0-3&#8243; taxonomies=\u00bb7&#8243;][\/vc_column][\/vc_row]<\/p>\n<\/div>","protected":false},"excerpt":{"rendered":"<p>[vc_row][vc_column][vc_column_text] En esta secci\u00f3n V\u00cdDEOS de nuestra web estar\u00e1n recopiladas todas las entradas del blog en las que os presentaremos los v\u00eddeos m\u00e1s destacados de\u00a0Petisoper\u00edas, el canal de youtube de Alba Calvo Porr\u00faa\u00a0(Pixie) y Ram\u00f3n M\u00e9ndez Gonz\u00e1lez (Dixie), en el que nos cuentan, en primera persona del pural (y a veces del singular), las experiencias vividas a lo largo de la traducci\u00f3n de los distintos videojuegos en lo que han \u00a0trabajado. Petisoper\u00edas, es mucho m\u00e1s que un simple canal personal de Youtube sobre traducci\u00f3n de videojuegos. Tal y como dice su creadora, Alba Calvo Porr\u00faa\u00a0(Pixie), en este canal \u00abpodr\u00e1s encontrar v\u00eddeos sobre mis viajes, mis aventuras, mi d\u00eda a d\u00eda, los eventos a los que voy, gameplays, cosas relacionadas con mi trabajo&#8230; En definitiva, petisoper\u00edas&hellip;<\/p>\n<p class=\"excerpt-more\"><a class=\"blog-excerpt button\" href=\"https:\/\/paratraduccion.com\/videojuegos\/videos\/\">Leer M\u00e1s<\/a><\/p>\n","protected":false},"author":1,"featured_media":0,"parent":0,"menu_order":0,"comment_status":"closed","ping_status":"closed","template":"","meta":{"footnotes":""},"class_list":["post-42","page","type-page","status-publish","hentry"],"_links":{"self":[{"href":"https:\/\/paratraduccion.com\/videojuegos\/wp-json\/wp\/v2\/pages\/42","targetHints":{"allow":["GET"]}}],"collection":[{"href":"https:\/\/paratraduccion.com\/videojuegos\/wp-json\/wp\/v2\/pages"}],"about":[{"href":"https:\/\/paratraduccion.com\/videojuegos\/wp-json\/wp\/v2\/types\/page"}],"author":[{"embeddable":true,"href":"https:\/\/paratraduccion.com\/videojuegos\/wp-json\/wp\/v2\/users\/1"}],"replies":[{"embeddable":true,"href":"https:\/\/paratraduccion.com\/videojuegos\/wp-json\/wp\/v2\/comments?post=42"}],"version-history":[{"count":23,"href":"https:\/\/paratraduccion.com\/videojuegos\/wp-json\/wp\/v2\/pages\/42\/revisions"}],"predecessor-version":[{"id":644,"href":"https:\/\/paratraduccion.com\/videojuegos\/wp-json\/wp\/v2\/pages\/42\/revisions\/644"}],"wp:attachment":[{"href":"https:\/\/paratraduccion.com\/videojuegos\/wp-json\/wp\/v2\/media?parent=42"}],"curies":[{"name":"wp","href":"https:\/\/api.w.org\/{rel}","templated":true}]}}